he ten thousands digit of 1994261?
9
What is the hundreds digit of 2418594?
5
What is the thousands digit of 29963287?
3
What is the tens digit of 10288?
8
What is the ten millions digit of 12539927?
1
What is the ten thousands digit of 1124013?
2
What is the hundred thousands digit of 170928?
1
What is the hundreds digit of 110876?
8
What is the ten millions digit of 25503647?
2
What is the hundreds digit of 6208132?
1
What is the ten thousands digit of 195341?
9
What is the units digit of 617026?
6
What is the hundreds digit of 917736?
7
What is the tens digit of 1370203?
0
What is the ten thousands digit of 450581?
5
What is the units digit of 524207?
7
What is the tens digit of 2284390?
9
What is the hundreds digit of 160414?
4
What is the millions digit of 5935543?
5
What is the tens digit of 421427?
2
What is the ten thousands digit of 841480?
4
What is the tens digit of 3903639?
3
What is the ten thousands digit of 165278?
6
What is the ten thousands digit of 20386225?
8
What is the hundreds digit of 453493?
4
What is the units digit of 288100?
0
What is the ten thousands digit of 1496863?
9
What is the hundred thousands digit of 3998582?
9
What is the units digit of 1039545?
5
What is the tens digit of 89893?
9
What is the thousands digit of 655779?
5
What is the thousands digit of 9930?
9
What is the hundred thousands digit of 36280290?
2
What is the units digit of 223256?
6
What is the units digit of 2808979?
9
What is the hundred thousands digit of 395800?
3
What is the hundred thousands digit of 676167?
6
What is the ten thousands digit of 1203521?
0
What is the thousands digit of 1145234?
5
What is the tens digit of 1574780?
8
What is the ten thousands digit of 314189?
1
What is the hundreds digit of 1304129?
1
What is the ten millions digit of 39602587?
3
What is the units digit of 319638?
8
What is the thousands digit of 175887?
5
What is the thousands digit of 8586863?
6
What is the tens digit of 27111587?
8
What is the thousands digit of 2031120?
1
What is the millions digit of 29098189?
9
What is the units digit of 3339858?
8
What is the hundred thousands digit of 204433?
2
What is the units digit of 588186?
6
What is the ten thousands digit of 712719?
1
What is the thousands digit of 95824?
5
What is the millions digit of 1382847?
1
What is the millions digit of 2017549?
2
What is the ten thousands digit of 262904?
6
What is the ten thousands digit of 1192808?
9
What is the tens digit of 75071?
7
What is the hundred thousands digit of 9434618?
4
What is the thousands digit of 20985159?
5
What is the hundred thousands digit of 18964665?
9
What is the ten thousands digit of 16866133?
6
What is the hundred thousands digit of 5999253?
9
What is the units digit of 123842?
2
What is the millions digit of 15794945?
5
What is the hundreds digit of 25787?
7
What is the hundreds digit of 81236?
2
What is the hundred thousands digit of 1902641?
9
What is the units digit of 13704374?
4
What is the units digit of 311341?
1
What is the hundred thousands digit of 190037?
1
What is the units digit of 24548?
8
What is the thousands digit of 104883?
4
What is the hundred thousands digit of 822775?
8
What is the units digit of 166842?
2
What is the thousands digit of 41112873?
2
What is the hundreds digit of 2502756?
7
What is the thousands digit of 1205217?
5
What is the ten thousands digit of 381254?
8
What is the hundred thousands digit of 543958?
5
What is the tens digit of 12873?
7
What is the hundreds digit of 12637401?
4
What is the ten thousands digit of 1084070?
8
What is the hundreds digit of 2877179?
1
What is the tens digit of 3668411?
1
What is the hundreds digit of 89546?
5
What is the thousands digit of 302243?
2
What is the hundred thousands digit of 5444138?
4
What is the tens digit of 1881589?
8
What is the tens digit of 33109332?
3
What is the hundreds digit of 513169?
1
What is the thousands digit of 3868993?
8
What is the units digit of 2384554?
4
What is the units digit of 43787?
7
What is the hundred thousands digit of 2199149?
1
What is the ten thousands digit of 325255?
2
What is the thousands digit of 11385470?
5
What is the hundred thousands digit of 15566090?
5
What is the thousands digit of 225954?
5
What is the hundred thousands digit of 8145933?
1
What is the hundreds digit of 123344?
3
What is the tens digit of 786747?
4
What is the tens digit of 459524?
2
What is the tens digit of 1896159?
5
What is the hundred thousands digit of 2311519?
3
What is the hundreds digit of 159812?
8
What is the millions digit of 4360753?
4
What is the ten thousands digit of 793384?
9
What is the hundreds digit of 349508?
5
What is the ten thousands digit of 457424?
5
What is the units digit of 342546?
6
What is the tens digit of 33412092?
9
What is the units digit of 269431?
1
What is the hundred thousands digit of 1403686?
4
What is the units digit of 758146?
6
What is the hundreds digit of 350330?
3
What is the hundred thousands digit of 2274037?
2
What is the thousands digit of 9257610?
7
What is the hundreds digit of 747274?
2
What is the tens digit of 45427757?
5
What is the hundreds digit of 3459819?
8
What is the ten thousands digit of 814821?
1
What is the units digit of 10898875?
5
What is the thousands digit of 1548182?
8
What is the thousands digit of 75865?
5
What is the hundreds digit of 1769683?
6
What is the tens digit of 5687919?
1
What is the units digit of 240394?
4
What is the ten thousands digit of 1249900?
4
What is the hundreds digit of 5062332?
3
What is the tens digit of 118984?
8
What is the ten thousands digit of 3141900?
4
What is the tens digit of 202976?
7
What is the ten thousands digit of 9269630?
6
What is the units digit of 369?
9
What is the units digit of 206820?
0
What is the tens digit of 243058?
5
What is the hundred thousands digit of 2371496?
3
What is the hundred thousands digit of 7244600?
2
What is the units digit of 1624301?
1
What is the units digit of 76475?
5
What is the units digit of 7277669?
9
What is the thousands digit of 175321?
5
What is the ten thousands digit of 1203042?
0
What is the thousands digit of 1204068?
4
What is the ten thousands digit of 3373368?
7
What is the thousands digit of 19546871?
6
What is the thousands digit of 373688?
3
What is the hundreds digit of 6803717?
7
What is the thousands digit of 427205?
7
What is the hundred thousands digit of 1400706?
4
What is the thousands digit of 186171?
6
What is the tens digit of 10178884?
8
What is the millions digit of 1759425?
1
What is the millions digit of 1544725?
1
What is the thousands digit of 142966?
2
What is the tens digit of 5157460?
6
What is the thousands digit of 489858?
9
What is the ten thousands digit of 684840?
8
What is the thousands digit of 217534?
7
What is the hundreds digit of 618771?
7
What is the ten thousands digit of 4809740?
0
What is the ten thousands digit of 7428677?
2
What is the units digit of 196903?
3
What is the hundred thousands digit of 400158?
4
What is the units digit of 7967625?
5
What is the ten thousands digit of 5080384?
8
What is the thousands digit of 12922864?
2
What is the ten thousands digit of 191598?
9
What is the hundreds digit of 3933808?
8
What is the thousands digit of 340988?
0
What is the ten thousands digit of 62076?
6
What is the ten thousands digit of 1154063?
5
What is the units digit of 277538?
8
What is the hundreds digit of 3604530?
5
What is the hundreds digit of 26159?
1
What is the thousands digit of 176409?
6
What is the thousands digit of 930292?
0
What is the hundreds digit of 996760?
7
What is the units digit of 652346?
6
What is the hundreds digit of 528698?
6
What is the tens digit of 3991680?
8
What is the ten thousands digit of 3664224?
6
What is the hundreds digit of 37319363?
3
What is the hundred thousands digit of 229986?
2
What is the tens digit of 351169?
6
What is the tens digit of 327368?
6
What is the hundreds digit of 6626816?
8
What is the hundreds digit of 5371162?
1
What is the millions digit of 1064929?
1
What is the millions digit of 1656769?
1
What is the ten thousands digit of 3357466?
5
What is the units digit of 739198?
8
What is the tens digit of 28141?
4
What is the hundreds digit of 23980743?
7
What is the units dig